5*u, 3*u - 3*i = -i + 1764. Suppose 725 = g - 5*x, 4*x + u - 4186 = -5*g. What is the tens digit of g?
2
Let y be 44/24*6 + -8. Suppose 3865 = 3*f - r, -y*f + 5*r - 6415 = -8*f. What is the units digit of f?
7
Suppose 23*a - 25*a - 3*d = -3912, -3*a + d = -5846. Let g = 3669 - a. What is the tens digit of g?
1
Suppose -2*h = -b + 5, -3*b + 8 = -b - 2*h. Suppose 4*a = 4*p - 132, 0 = -b*a - 2*p + p - 119. Let t = a + 125. What is the tens digit of t?
8
Let i = 29961 - 8897. What is the hundreds digit of i?
0
Suppose -14*o + 4663 + 8441 = 0. Let t = -547 + o. What is the units digit of t?
9
Let k(i) = 626*i + 575*i - 1260*i - 83. What is the tens digit of k(-3)?
9
Let x be 52 + -43 + 3/1. Suppose -411 = x*s - 4755. What is the tens digit of s?
6
Suppose -17822 = -2*n - 21*b + 23*b, 3*n = -4*b + 26754. What is the hundreds digit of n?
9
Suppose 0 = d - 2*y - 5, 4*y - 1 = -5. Suppose 5*z = 5*v - 125, 0 = -d*v - 6*z + 5*z + 59. What is the tens digit of v?
2
Let x(l) = l**2 + 1. Let z(k) = -22*k**2 + 27*k**2 + 36 + 32*k - 12. Let u(c) = 4*x(c) - z(c). What is the hundreds digit of u(-24)?
1
Let w(b) = b**2 - 15*b + 24. Let f be w(14). Let y be (3/(-2))/(-4 + 35/f). Let z(a) = a - 1. What is the units digit of z(y)?
2
Let i(a) = -2*a**3 - a**2 + 6. Let m be i(-3). Let j = -13 - m. Let x = 92 + j. What is the units digit of x?
8
Suppose 8*o - 15 = 9. Let k be 8*-4*o/(-24). Suppose k*l = 6*l - 128. What is the units digit of l?
4
Let y(w) = 8*w - 29. Let d be y(4). Let a(s) = 2*s + 0 + 1 + 11 + 12*s. What is the units digit of a(d)?
4
Suppose -2105 = -h + 2*x, 10501 = 5*h + x - 5*x. Suppose 123*v = 126*v - h. What is the units digit of v?
9
Let u(z) = 3*z**2 - 8*z - 26. Suppose 0 = -3*a - 95 + 248. Suppose -2*c + 0 = 3*l - 33, 5*l + 2*c = a. What is the hundreds digit of u(l)?
1
Let f = -1391 - -24572. What is the tens digit of f?
8
Let l(w) = -21*w - 11 + 41 + 32 - 16 + 14*w**2. What is the thousands digit of l(12)?
1
Let h be (-1)/(21/7890) + 4/(-14). Let v = h + 946. Suppose -3*i + 5*g + v = 0, 3*g + 564 = i + 2*i. What is the tens digit of i?
8
Suppose -s - 5 = -y, 3*y + 0 = 15. Suppose -2*k = 4*m - 1402, -k + 1053 = -s*m + 3*m. What is the hundreds digit of m?
3
Let v = -8356 + 8954. What is the units digit of v?
8
Suppose 0 = 2*q - r - 11891, -5*q = -5*r - 43105 + 13375. What is the units digit of q?
5
Let r be (14/(-5))/(2/770). Let s = r + 264. What is the units digit of (s/(-6) - 3)*12/8?
9
Suppose 302*o = 294*o + 5016. Let z = o + -283. What is the hundreds digit of z?
3
Let f(q) = 52*q**3 - 8*q**2 - 5*q + 6. Let t be f(-3). Let z = -771 - t. What is the tens digit of z?
8
Let a(k) = -k + 7. Let m be a(4). Suppose -224 = 2*b - 3*b + 2*p, m*b = 3*p + 672. Let g = b + -97. What is the hundreds digit of g?
1
Let j(u) = 367*u**2 + 93*u + 689. What is the thousands digit of j(-13)?
1
Suppose -10*n = -9*n - 1203. Let l = n + -777. What is the hundreds digit of l?
4
Suppose -n + 20*n + 1739680 = 150*n. What is the units digit of n?
0
Suppose -51*w = 5*w - 837144. Suppose -174*y = -165*y - w. What is the units digit of y?
1
Suppose 17*s - 14632 = 97432. What is the thousands digit of s?
6
Suppose -3*o = 5*k - 201, -5*k + 6*k = o + 37. What is the tens digit of 181/3 + 26/k?
6
Suppose -j = 6*j - 56. Suppose -4*d = 4*k - 20, -j = k + k. Suppose 2*a + d = 71. What is the units digit of a?
1
Let s be 2 + (-8)/(-12)*312 - -2. Suppose -4*x = -2*h - 190 - 724, 0 = -x - 5*h + s. Suppose 0 = 3*g + x - 605. What is the hundreds digit of g?
1
Suppose -26*p - 217 = -529. Suppose -p*x - 1878 = -k - 9*x, 5659 = 3*k - 4*x. What is the units digit of k?
3
Let y = -6127 - -7593. What is the hundreds digit of y?
4
Suppose 5*n = -3*r - 0*r + 32, -3*n = 2*r - 20. Suppose -2*f - n = 2*f, -5*f = -5*t + 7850. What is the hundreds digit of t?
5
Let k(p) = -7*p**2 + 2*p - 5. Let s be k(7). Let a be (-172)/2 - (1 - -7). Let v = a - s. What is the tens digit of v?
4
Let i(s) = -14*s - 25. Let c be i(-7). Let d = c - 77. What is the units digit of d*2/6*954/(-12)?
6
What is the tens digit of (0 + 6/(-4))/(-18*14/6015408)?
0
Let v(t) = -40*t**3 + 5*t**2 - 10*t - 13. Let o(a) = -2*a + 13. Let m be o(8). What is the hundreds digit of v(m)?
1
Suppose -m - 5*b = -12, m - 2*b - 3 = 2. Suppose -4*w - 2324 = -4*y, -4*y - 2*w = -m*w - 2320. What is the hundreds digit of y?
5
Let r(z) = -z - 4. Let x be r(-8). Let m be (98/28)/(2/x). Suppose -m = 4*f - j - 303, 5*f = -j + 379. What is the units digit of f?
5
Let y(c) = -c**3 - 19*c**2 - 79*c - 20. What is the hundreds digit of y(-23)?
9
Let q = -1440 - -27860. What is the thousands digit of q?
6
Let w = -88 + 222. Let c = 305 + w. Suppose -2*y = -2*d - 286, -6*y = -3*y - 5*d - c. What is the units digit of y?
8
Suppose -4*m + 2*c = -54944, 0 = 10*m - 15*m - 4*c + 68719. What is the thousands digit of m?
3
Let k(z) = -16*z**3 - 3*z**2 - 2*z. Let u be k(-2). Let d = 697 - u. What is the hundreds digit of d?
5
Suppose -4*m - 18922 = -3*x, 0 = 3*x + 3*m - 21475 + 2581. What is the hundreds digit of x?
3
Suppose 0 = -2*l - 9 + 1, -3*w + 15 = 3*l. Suppose 22*o + w*o - 12028 = 0. What is the hundreds digit of o?
3
Suppose 246*v + 34*v + 80146 = 5211146. What is the units digit of v?
5
Suppose 11*g + 11*g = 660. Let z(t) = t**2 - 27*t - 35. What is the tens digit of z(g)?
5
Suppose -14*f - 272 = 2*f. Let o = 1008 + f. What is the tens digit of o?
9
Suppose -3*s + 20439 = -3*j - 39951, 4*j + 100655 = 5*s. What is the ten thousands digit of s?
2
Let l(y) = y**2 - 11*y + 33. Let s be 1*(0 - -5 - (-1 - -21)). What is the units digit of l(s)?
3
Let k = 125052 + -89042. What is the thousands digit of k?
6
What is the thousands digit of (-59060)/(-11) - 82/902?
5
Suppose 3*u - 4834 = -2*y, 7*y - 11*y = 2*u - 3236. Suppose 0*z = -2*z + 6, 4*w + 4*z - u = 0. What is the hundreds digit of w?
3
Suppose 0 = -5*w - 5*d + 114530, -6808 + 52620 = 2*w - 4*d. What is the ten thousands digit of w?
2
Let r = 118122 + -81348. What is the tens digit of r?
7
Let b = 228 + -206. Suppose 36 - 306 = -5*j. Let v = b + j. What is the units digit of v?
6
Let t(d) = 3*d**3 - 18*d**2 + 26*d - 71. Let k be t(8). Let b = k + 93. What is the hundreds digit of b?
6
Let a be -6 + (-7 + 4 - 80). Let t = a - -102. What is the units digit of t?
3
Suppose -2439 - 1209 - 1365 = -g. What is the thousands digit of g?
5
Suppose 49*z = 770393 + 2508883. What is the hundreds digit of z?
9
Let h(a) = 10*a - 45. Suppose 5*i = 24 + 6. What is the tens digit of h(i)?
1
Suppose 0 = v - 6 + 5. Let j(q) = 108*q + 22. What is the hundreds digit of j(v)?
1
Let n(l) = 11*l**3 + 12*l**2 + 106*l - 758. What is the ten thousands digit of n(13)?
2
Let x be 10*(-7)/(-4 + 18). Let b(r) = 48*r**2 - 31*r - 17. What is the hundreds digit of b(x)?
3
Let y be (16 - 11)/((-2)/(-206)). Suppose -n = -5*l - 251, 2*n + 5*l + 13 - y = 0. What is the tens digit of n?
5
Let s be 42/(-63) - 784/(-6). Let l = s - -108. Suppose 6*h + l = 1522. What is the hundreds digit of h?
2
Suppose 4*o - 20438 = -2*n, 5*n - o + 0*o - 51051 = 0. What is the tens digit of n?
1
Let f be -1 - 1 - (5046/(-3) + -5). Suppose -7*u - 439 = -f. What is the tens digit of u?
7
Suppose 653 = -4*r - g, 3*g - 304 = 2*r + 5. Let n be ((r/12)/9)/(6/(-592)). Let a = n - 59. What is the units digit of a?
9
Suppose -s + 54 + 122 = 0. Let m = -128 + s. What is the tens digit of m?
4
Suppose 5*i = 3*b + 7 - 31, 2*i = b - 9. What is the units digit of (3 + 187/i)/((-2)/3)?
9
Let b(s) = 19*s**2 - 13*s - 14. Let c(y) = 2*y**3 - 4*y**2 - 5*y + 3. Let q be c(3). Let r be b(q). Suppose 761 + r = 11*f. What is the hundreds digit of f?
1
Suppose -1862 = -5*z + 248. Suppose 0 = 77*v - 90*v - 3107. Let j = z + v. What is the units digit of j?
3
Let p = -11 + 11. Suppose 5*n - 3*a - 135 = 0, n = 5*a - p + 5. Suppose -20 = -3*l + s, 2*s - 6*s - n = -2*l. What is the units digit of l?
5
Let y(x) = 1810*x**3 + x**2 - 2. Let v be y(1). Suppose -d + v - 12 = 3*i, 3*i - 4*d - 1782 = 0. What is the tens digit of i?
9
What is the tens digit of ((-30)/100 + (-7)/10)*-64021?
2
Suppose 0 = 5*s - 2*v - 0*v - 233, -4*s - v = -176. Let d = s - 40. Suppose -2262 = -d*p - 8*p. What is the tens digit of p?
7
Suppose -5*t = -4*t - 13. Suppose -6*a + 5757 = t*a. What is the units